 when 1735 is divided by 1716.
19
Calculate the remainder when 6001 is divided by 76.
73
Calculate the remainder when 203 is divided by 69.
65
What is the remainder when 114 is divided by 41?
32
Calculate the remainder when 2603 is divided by 33.
29
What is the remainder when 47228 is divided by 16?
12
Calculate the remainder when 654 is divided by 165.
159
Calculate the remainder when 372 is divided by 17.
15
What is the remainder when 3797 is divided by 76?
73
What is the remainder when 253 is divided by 116?
21
Calculate the remainder when 799 is divided by 89.
87
Calculate the remainder when 18483 is divided by 237.
234
Calculate the remainder when 62 is divided by 1.
0
What is the remainder when 19587 is divided by 15?
12
What is the remainder when 66 is divided by 16?
2
Calculate the remainder when 1150 is divided by 9.
7
What is the remainder when 755 is divided by 210?
125
What is the remainder when 3004 is divided by 500?
4
What is the remainder when 285 is divided by 7?
5
Calculate the remainder when 59 is divided by 29.
1
Calculate the remainder when 548 is divided by 184.
180
What is the remainder when 507 is divided by 128?
123
What is the remainder when 161 is divided by 29?
16
What is the remainder when 13 is divided by 4?
1
What is the remainder when 225 is divided by 76?
73
Calculate the remainder when 398 is divided by 100.
98
What is the remainder when 1123 is divided by 103?
93
Calculate the remainder when 141 is divided by 27.
6
What is the remainder when 117 is divided by 71?
46
What is the remainder when 1047 is divided by 56?
39
What is the remainder when 833 is divided by 90?
23
What is the remainder when 172 is divided by 39?
16
Calculate the remainder when 3215 is divided by 63.
2
Calculate the remainder when 56 is divided by 18.
2
What is the remainder when 427 is divided by 143?
141
Calculate the remainder when 171 is divided by 92.
79
Calculate the remainder when 1118 is divided by 22.
18
What is the remainder when 382 is divided by 349?
33
What is the remainder when 80 is divided by 22?
14
Calculate the remainder when 75 is divided by 11.
9
Calculate the remainder when 14943 is divided by 35.
33
What is the remainder when 104 is divided by 45?
14
What is the remainder when 58 is divided by 21?
16
What is the remainder when 181 is divided by 46?
43
Calculate the remainder when 94 is divided by 21.
10
What is the remainder when 495 is divided by 25?
20
Calculate the remainder when 241 is divided by 41.
36
What is the remainder when 436 is divided by 61?
9
Calculate the remainder when 485 is divided by 110.
45
Calculate the remainder when 107 is divided by 11.
8
Calculate the remainder when 99 is divided by 34.
31
Calculate the remainder when 50 is divided by 18.
14
What is the remainder when 1192 is divided by 102?
70
Calculate the remainder when 1075 is divided by 80.
35
Calculate the remainder when 197 is divided by 51.
44
What is the remainder when 48 is divided by 27?
21
Calculate the remainder when 103 is divided by 18.
13
What is the remainder when 27 is divided by 9?
0
Calculate the remainder when 1358 is divided by 59.
1
Calculate the remainder when 220 is divided by 31.
3
What is the remainder when 4079 is divided by 240?
239
What is the remainder when 14494 is divided by 96?
94
Calculate the remainder when 79 is divided by 4.
3
What is the remainder when 944 is divided by 10?
4
Calculate the remainder when 1184 is divided by 66.
62
Calculate the remainder when 123 is divided by 44.
35
Calculate the remainder when 333 is divided by 117.
99
What is the remainder when 500 is divided by 221?
58
What is the remainder when 220 is divided by 39?
25
What is the remainder when 554 is divided by 116?
90
Calculate the remainder when 390 is divided by 140.
110
What is the remainder when 264 is divided by 30?
24
What is the remainder when 7836 is divided by 280?
276
Calculate the remainder when 623 is divided by 19.
15
Calculate the remainder when 1036 is divided by 364.
308
Calculate the remainder when 427 is divided by 168.
91
What is the remainder when 275 is divided by 26?
15
What is the remainder when 152 is divided by 43?
23
What is the remainder when 1049 is divided by 520?
9
Calculate the remainder when 384 is divided by 11.
10
Calculate the remainder when 159 is divided by 27.
24
Calculate the remainder when 3952 is divided by 86.
82
What is the remainder when 896 is divided by 168?
56
What is the remainder when 1124 is divided by 279?
8
What is the remainder when 52 is divided by 11?
8
What is the remainder when 1460 is divided by 113?
104
What is the remainder when 159 is divided by 33?
27
What is the remainder when 307 is divided by 22?
21
What is the remainder when 1125 is divided by 164?
141
What is the remainder when 7797 is divided by 39?
36
What is the remainder when 965 is divided by 29?
8
What is the remainder when 320 is divided by 110?
100
Calculate the remainder when 736 is divided by 50.
36
What is the remainder when 168 is divided by 52?
12
Calculate the remainder when 172 is divided by 23.
11
What is the remainder when 61 is divided by 22?
17
What is the remainder when 254 is divided by 69?
47
What is the remainder when 253 is divided by 10?
3
What is the remainder when 290 is divided by 49?
45
Calculate the remainder when 111 is divided by 5.
1
What is the remainder when 1506 is divided by 237?
84
What is the remainder when 55 is divided by 25?
5
What is the remainder when 298 is divided by 23?
22
What is the remainder when 263 is divided by 63?
11
What is the remainder when 96 is divided by 4?
0
What is the remainder when 160 is divided by 29?
15
What is the remainder when 11239 is divided by 65?
59
What is the remainder when 2857 is divided by 1404?
49
Calculate the remainder when 213 is divided by 24.
21
What is the remainder when 230 is divided by 207?
23
Calculate the remainder when 52 is divided by 26.
0
What is the remainder when 360 is divided by 105?
45
Calculate the remainder when 161 is divided by 41.
38
What is the remainder when 9587 is divided by 88?
83
What is the remainder when 1632 is divided by 59?
39
What is the remainder when 634 is divided by 11?
7
Calculate the remainder when 550 is divided by 179.
13
What is the remainder when 2319 is divided by 6?
3
Calculate the remainder when 55 is divided by 11.
0
Calculate the remainder when 1297 is divided by 190.
157
Calculate the remainder when 11633 is divided by 42.
41
Calculate the remainder when 81 is divided by 14.
11
What is the remainder when 194 is divided by 28?
26
Calculate the remainder when 318 is divided by 158.
2
What is the remainder when 295 is divided by 288?
7
What is the remainder when 505 is divided by 181?
143
Calculate the remainder when 1295 is divided by 48.
47
What is the remainder when 711 is divided by 186?
153
What is the remainder when 1609 is divided by 161?
160
What is the remainder when 1671 is divided by 118?
19
What is the remainder when 300 is divided by 114?
72
Calculate the remainder when 130 is divided by 33.
31
What is the remainder when 62 is divided by 7?
6
Calculate the remainder when 1273 is divided by 367.
172
Calculate the remainder when 148 is divided by 2.
0
What is the remainder when 117 is divided by 59?
58
What is the remainder when 364 is divided by 61?
59
What is the remainder when 2842 is divided by 79?
77
Calculate the remainder when 872 is divided by 220.
212
What is the remainder when 7306 is divided by 84?
82
Calculate the remainder when 113 is divided by 17.
11
What is the remainder when 663 is divided by 9?
6
Calculate the remainder when 1573 is divided by 132.
121
Calculate the remainder when 810 is divided by 80.
10
What is the remainder when 768 is divided by 231?
75
What is the remainder when 1657 is divided by 4?
1
What is the remainder when 195 is divided by 33?
30
Calculate the remainder when 37 is divided by 36.
1
What is the remainder when 2216 is divided by 15?
11
Calculate the remainder when 853 is divided by 107.
104
Calculate the remainder when 538 is divided by 18.
16
Calculate the remainder when 117 is divided by 37.
6
What is the remainder when 452 is divided by 2?
0
Calculate the remainder when 294 is divided by 74.
72
Calculate the remainder when 1